 26. Calculate s(20).
54
Let m(h) = -5*h**2 + 187*h + 89. Determine m(38).
-25
Let i(k) = k**2 + 14*k - 18. What is i(-19)?
77
Let b(k) = -k**2 + 2*k + 29. Give b(6).
5
Let i(t) = -t**2 - 8*t + 4. What is i(-4)?
20
Let w(v) = v**3 - 7*v**2 - 5*v - 5. Give w(8).
19
Let f(z) = -22*z - 129. What is f(-5)?
-19
Let p(q) = 2*q + 1. Give p(0).
1
Let k(s) = -2*s + 19. Calculate k(16).
-13
Let f(q) = -q**3 + 9*q**2 - 13. Give f(9).
-13
Let r(f) = f + 29. Calculate r(0).
29
Let c(l) = 5*l + 108. What is c(-20)?
8
Let u(l) = -l**3 + 2*l**2 + 2*l - 1. Determine u(-1).
0
Let s(g) = -20*g**2 - g. Give s(-2).
-78
Let q(f) = 2*f - 12. What is q(3)?
-6
Let u(j) = 60*j**2 + 2*j - 1. Give u(1).
61
Let n(j) = j**3 - 7*j**2 + 4*j. What is n(5)?
-30
Let y(m) = -m**3 - 3*m**2 + 2*m + 3. Give y(-4).
11
Let r(n) = -4*n**2 - 2*n - 5. What is r(-4)?
-61
Let u(l) = 2*l**3 + 18*l**2 - l - 4. Calculate u(-9).
5
Let u(h) = h**2 + 12*h - 49. What is u(-15)?
-4
Let n(o) = o**2 + 2*o - 13. What is n(-5)?
2
Let u(t) = 2*t - 56. What is u(18)?
-20
Let r(i) = i**3 - 20*i**2 + 20*i - 15. Calculate r(19).
4
Let y(p) = -p**2 + 8*p - 8. Determine y(6).
4
Let x(n) = -3*n**3 - 5*n**2 - n + 4. Give x(-3).
43
Let z(x) = -x**2 - 12*x - 14. What is z(-12)?
-14
Let k(h) = h**3 + 5*h**2 - 22*h + 25. Calculate k(-8).
9
Let y(w) = 45*w + 9. Calculate y(-4).
-171
Let y(l) = l**3 - 8*l**2 + 1. Calculate y(8).
1
Let z(k) = -k**2 + 24*k - 17. What is z(23)?
6
Let s(p) = 2*p**2 - 19*p + 56. Calculate s(4).
12
Let j(n) = -n**2 + 13*n - 9. Determine j(14).
-23
Let c(i) = -4*i**2 + 66*i - 66. Determine c(1).
-4
Let x(y) = y**2 + 6*y + 3. What is x(-8)?
19
Let p(o) = -o**3 - 21*o**2 - 19*o + 27. Determine p(-20).
7
Let p(q) = -5*q - 8. Calculate p(-3).
7
Let d(f) = -f - 24. Calculate d(-11).
-13
Let y(x) = -2*x**2 - 89*x - 44. What is y(-44)?
0
Let i(u) = u**2 - 12*u - 6. What is i(18)?
102
Let s(a) = 4*a + 3. What is s(-5)?
-17
Let g(y) = -y - 16. Calculate g(-5).
-11
Let d(o) = 2*o**2 + 2*o - 7. Give d(-4).
17
Let m(s) = 4*s**3 + 35*s**2 + 47*s - 6. Calculate m(-7).
8
Let x(o) = -o**3 - o**2 + o - 5. What is x(-3)?
10
Let m(i) = -2*i**2 + 10*i - 4. Calculate m(7).
-32
Let n(q) = q**3 - 5*q**2 + 11*q - 52. What is n(5)?
3
Let g(m) = 8*m - 5. What is g(6)?
43
Let n(k) = k**2 - 13*k - 32. Calculate n(16).
16
Let r(m) = 8*m + 35. Determine r(10).
115
Let v(s) = -s**2 + 7*s + 7. Calculate v(9).
-11
Let n(p) = -2*p**2 - 2*p - 5. What is n(-3)?
-17
Let q(x) = -x**3 + 7*x**2 - 6*x + 5. What is q(6)?
5
Let g(f) = f**3 + 19*f**2 - 21*f - 19. Determine g(-20).
1
Let s(l) = -l**2 + 14*l - 33. Calculate s(10).
7
Let g(f) = 2*f**2 - 11*f + 15. Calculate g(6).
21
Let b(u) = 72*u**2 + u - 1. Calculate b(1).
72
Let i(k) = k**3 + 18*k**2 + 18*k + 41. Give i(-17).
24
Let d(k) = k**2 - 11*k - 88. Give d(-5).
-8
Let f(x) = -3*x - 52. Calculate f(-17).
-1
Let t(a) = 3*a - 3. Determine t(-5).
-18
Let c(p) = -p**2 + 5*p + 2. What is c(4)?
6
Let y(w) = 24*w - 239. What is y(10)?
1
Let c(o) = -o + 12. Calculate c(9).
3
Let b(o) = -o + 1. Determine b(4).
-3
Let w(i) = -i**2 + 63*i - 566. Give w(11).
6
Let z(v) = -v**3 + v**2 + 2*v + 8. Calculate z(0).
8
Let t(k) = k - 2. What is t(8)?
6
Let g(r) = 4*r**2 - 10*r - 83. What is g(6)?
1
Let f(r) = -r**2 - 3*r + 5. Determine f(-10).
-65
Let y(j) = 5*j**2 + 9*j + 10. Calculate y(-5).
90
Let j(q) = -q**2 + 13*q - 37. What is j(15)?
-67
Let y(r) = -r**2 + 11*r - 4. Calculate y(10).
6
Let l(w) = 9*w + 9. Give l(-1).
0
Let h(j) = j**2 + j - 25. What is h(8)?
47
Let k(d) = -6*d - 150. Determine k(-25).
0
Let b(l) = l**2 + 15*l + 10. What is b(-14)?
-4
Let w(y) = y**2 - 6*y. Calculate w(5).
-5
Let g(i) = -i**3 + 6*i**2 + 6*i + 14. Give g(7).
7
Let s(z) = 2*z**2 + 70*z + 60. Determine s(-34).
-8
Let z(u) = u + 30. Calculate z(-27).
3
Let o(k) = k**2 + 7*k + 20. Determine o(-8).
28
Let l(b) = b**3 + 8*b**2 - 10*b + 1. Give l(-9).
10
Let s(q) = 7*q - 152. What is s(23)?
9
Let t(z) = -19*z - 140. Calculate t(-8).
12
Let v(f) = 2*f + 1. Give v(-4).
-7
Let b(j) = -38*j - 31. Give b(-1).
7
Let w(v) = 13*v - 2. Calculate w(-1).
-15
Let n(o) = -6*o + 31. Calculate n(5).
1
Let n(i) = i**3 - 16*i**2 + 14*i + 18. Determine n(15).
3
Let t(k) = -47*k + 159. Determine t(3).
18
Let r(s) = s**3 + 58*s**2 - 4*s - 225. Determine r(-58).
7
Let x(m) = -m**3 + 28*m**2 + 7*m - 207. Give x(28).
-11
Let o(n) = n**3 + 20*n**2 - 72*n - 66. Calculate o(-23).
3
Let z(n) = 4*n + 33. Determine z(0).
33
Let v(z) = -2*z**2 + 38*z + 5. Give v(18).
41
Let h(j) = j**3 + 7*j**2 - 7*j - 1. Give h(-8).
-9
Let y(v) = v**2 - 11*v + 16. Give y(0).
16
Let w(c) = -c**3 + 9*c + 1. Give w(-3).
1
Let f(r) = 6*r**2 - r + 1. What is f(1)?
6
Let o(w) = 27*w + 102. What is o(-3)?
21
Let v(x) = -x**2 - 3*x - 2. Calculate v(-6).
-20
Let z(k) = k**2 + 14*k - 5. Determine z(-7).
-54
Let c(a) = 9*a + 5. What is c(10)?
95
Let y(w) = -6*w + 2. Calculate y(3).
-16
Let v(a) = a**3 - 2*a**2 + 12. What is v(5)?
87
Let a(i) = 16*i - 1. What is a(-1)?
-17
Let z(t) = -t**2 - 6*t + 1. Give z(-5).
6
Let b(h) = -h**3 - 3*h**2 + h + 7. Determine b(-3).
4
Let t(b) = b**3 - 19*b**2 + 19*b - 15. Give t(18).
3
Let k(l) = -l**3 - 2*l**2 - l + 4. What is k(-3)?
16
Let s(n) = n**2 + 2. Give s(5).
27
Let h(r) = 3*r**2 - 12*r + 2. Calculate h(5).
17
Let s(b) = -b**3 + 14*b**2 - 43*b - 3. Give s(10).
-33
Let l(k) = -144*k + 571. What is l(4)?
-5
Let b(o) = 19*o - 682. Give b(36).
2
Let m(c) = c**3 - 8*c**2 + c - 9. What is m(8)?
-1
Let b(m) = 46*m**2 + m + 3. Give b(-1).
48
Let n(r) = -4*r**2 + 4*r + 11. What is n(7)?
-157
Let k(q) = -36*q**2 + q - 1. Calculate k(1).
-36
Let n(p) = -7*p + 80. Calculate n(11).
3
Let p(w) = 23*w - 90. What is p(4)?
2
Let j(y) = -10*y - 29. Determine j(-7).
41
Let u(r) = -3*r - 10. Determine u(-3).
-1
Let x(p) = -p**3 - 21*p**2 - p - 3. Give x(-21).
18
Let b(g) = 10*g - 4. What is b(2)?
16
Let j(b) = b**3 + 6*b**2 + 3*b + 9. What is j(-4)?
29
Let s(y) = y**3 - 4*y**2 + y - 2. Give s(4).
2
Let o(k) = k**3 + 5*k**2 - 5*k + 14. Give o(-7).
-49
Let y(o) = -o**3 + 11*o**2 - 19. Give y(11).
-19
Let b(o) = -33*o - 257. Determine b(-8).
7
Let j(h) = h**3 - 9*h**2 - 9*h - 5. What is j(10)?
5
Let r(g) = -g**3 + 8*g**2 + 4*g - 1. What is r(9)?
-46
Let r(q) = 2*q**2 - q - 7. What is r(2)?
-1
Let z(o) = -2*o + 45. Determine z(11).
23
Let r(k) = -k**3 + 3*k**2 + 5. Give r(4).
-11
Let t(m) = 5*m**2 + 17*m - 4. Give t(-3).
-10
Let p(l) = l**3 - 7*l**2 + 6*l - 2. What is p(6)?
-2
Let i(t) = 2*t**3 - 8*t**2 + 2*t - 2. What is i(4)?
6
Let a(j) = j**3 - j**2 - j - 46. Give a(0).
-46
Let c(t) = t**2 - 16*t - 31. What is c(18)?
5
Let a(f) = -6*f + 74. Calculate a(12).
2
Let w(c) = -93*c**3 + 5*c**2 + 4*c. What is w(-1)?
94
Let h(d) = 36*d**3 + 1. Determine h(1).
37
Let g(a) = 5*a + 78. Determine g(-20).
-22
Let v(n) = -n**2 - 6*n + 40. Determine v(7).
-51
Let u(y) = -17*y**2 - 2*y + 4. Determine u(-3).
-143
Let s(u) = -u**3 - 11*u**2 - 17*u + 23. Determine s(-9).
14
Let t(d) = -4*d - 1. What is t(-4)?
15
Let p(h) = -8*h + 145. What is p(18)?
1
Let l(y) = -y**2 - y + 7. What is l(0)?
7
Let b(d) = d**3 + 6*d**2 - 4. What is b(-6)?
-4
Let d(m) = -m**2 + 9*m - 7. What is d(4)?
13
Let z(h) = 13*h + 4. Calculate z(-3).
-35
Let s(d) = 3*d**2 - 2*d + 1. Determine s(-2).
17
Let k(q) = -2*q + 32. Calculate k(10).
12
Let c(w) = -w**3 + w**2 + 13*w + 4. Calculate c(4).
8
Let h(x) = 4*x + 90. Determine h(-17).
22
Let i(a) = 32*a - 5. Calculate i(2).
59
Let v(o) = o**2 - 5*o + 3. Give v(-5).
53
Let g(h) = 4*h - 64. What is g(7)?
-36
Let r(i) = -i + 2. Give r(-5).
7
Let g(o) = o**2 - 15*o + 31. Determine g(13).
5
Let s(a) = a**3 + 4*a**2 - 13*a. Give s(-6).
6
Let c(k) = 7*k - 7. Give c(4).
21
Let f(n) = 113*n**2 + 2. Give f(-1).
115
Let u(o) = o**2 - 5*o - 50. What is u(-5)?
0
Let s(x) = -x**2 + 8*x - 4. Calculate s(8).
-4
Let d(j) = j**3 + 7*j + 1. Determine d(0).
1
Let p(y) = 2*y - 8. Give p(6).
4
Let f(x) = 2*x**3 - 3*x**2 + 2*x - 2. What is f(2)?
6
Let b(r) = r**3 + 4*r**2 - 6*r - 7. What is b(-5)?
-2
Let d(l) = -2*l**3 + 12*l**2 - 19*l + 42. Determine d(5).
-3
Let m(x) = 2*x**3 - 27*x**2 - 14*x - 17. Calculate m(14).
-17
Let j(r) = 2*r**2 + 38*r. Give j(-19).
0
Let k(u) = -2*u**2 + 19*u - 25. What is k(8)?
-1
Let u(w) = w**2 - 32. Give u(0).
-32
Let z(b) = -5*b 